{"id":243,"date":"2013-06-17T11:07:51","date_gmt":"2013-06-17T09:07:51","guid":{"rendered":"http:\/\/www.atlaspraxis.de\/?page_id=243"},"modified":"2026-02-15T13:23:21","modified_gmt":"2026-02-15T11:23:21","slug":"presse","status":"publish","type":"page","link":"https:\/\/www.atlaspraxis.de\/en\/presse\/","title":{"rendered":"Press"},"content":{"rendered":"<div class=\"wp-block-image is-style-default\">\n<figure class=\"alignleft size-full is-resized\"><img loading=\"lazy\" decoding=\"async\" width=\"800\" height=\"800\" src=\"https:\/\/www.atlaspraxis.de\/wp-content\/uploads\/Presse-2.png\" alt=\"Press\" class=\"wp-image-9916\" style=\"width:150px\" srcset=\"https:\/\/www.atlaspraxis.de\/wp-content\/uploads\/Presse-2.png 800w, https:\/\/www.atlaspraxis.de\/wp-content\/uploads\/Presse-2-600x600.png 600w, https:\/\/www.atlaspraxis.de\/wp-content\/uploads\/Presse-2-150x150.png 150w, https:\/\/www.atlaspraxis.de\/wp-content\/uploads\/Presse-2-768x768.png 768w\" sizes=\"auto, (max-width: 800px) 100vw, 800px\" \/><\/figure>\n<\/div>\n\n\n<p><strong>Press article<\/strong><\/p>\n\n\n\n<div style=\"height:20px\" aria-hidden=\"true\" class=\"wp-block-spacer\"><\/div>\n\n\n\n<p><a href=\"https:\/\/www.miomedi.de\/gesundheit\/alternative-medizin\/alternative-heilmethoden\/atlastherapie\/atlastherapie-wirbelkorrektur-nackenschmerzen-rueckenschmerzen-anja-flick\/\" target=\"_blank\" rel=\"noreferrer noopener\"><strong>miomedi.de<br>Interview zum Thema Atlastherapie. (2025)<\/strong><\/a><\/p>\n\n\n\n<p><a href=\"https:\/\/www.atlaspraxis.de\/wp-content\/uploads\/Tina2024.jpg\" target=\"_blank\" rel=\"noreferrer noopener\"><strong>TINA<br>\u201eR\u00fccken ohne Schmerzen\u201c ist das aktuelle Thema in der Tina Heft 40. (2024)<\/strong><\/a><\/p>\n\n\n\n<p><a href=\"https:\/\/www.atlaspraxis.de\/wp-content\/uploads\/Atlas-Therapie.pdf\" target=\"_blank\" rel=\"noreferrer noopener\"><strong>FUNK UHR<br>Die FUNK UHR berichtet \u00fcber die Atlas-Therapie und wie diese bei Schwindel helfen kann.&nbsp;<br>FUNK UHR, Ausgabe 23\/2024<\/strong><\/a><\/p>\n\n\n\n<p><a href=\"https:\/\/kloenschnack.de\/e-paper\/ausgabe-02-2024\/\" target=\"_blank\" rel=\"noreferrer noopener\"><strong>Kl\u00f6nschnack<br>Der Kl\u00f6nschnack berichtet \u00fcber die Atlaspraxis in Blankenese. (Seite 122)<\/strong><\/a><\/p>\n\n\n\n<p><a href=\"https:\/\/aempf.de\/schwindel-in-und-nach-der-schwangerschaft-was-hilft\/\" target=\"_blank\" rel=\"noreferrer noopener\"><strong>aempf<br>Das aempf-Magazin greift das Thema&nbsp;Schwindel&nbsp;(in der Schwangerschaft) auf und zitiert die Atlaspraxis. (2023)<\/strong><\/a><\/p>\n\n\n\n<p><a href=\"https:\/\/www.atlaspraxis.de\/Dateien\/NeuePost2018.pdf\" target=\"_blank\" rel=\"noreferrer noopener\"><strong>Neue Post<br>2018 berichtet die \u201eNeue Post\u201c im Heft 9 \u00fcber die Atlaskorrektur. Mit dem Titel&nbsp;\u201eAtlas-Therapie: Blockaden l\u00f6sen\u201c&nbsp;wird \u00fcber Atlas-Therapie aufgekl\u00e4rt.<\/strong><\/a><\/p>\n\n\n\n<p><a href=\"https:\/\/www.atlaspraxis.de\/Dateien\/NeuePost2016.pdf\" target=\"_blank\" rel=\"noreferrer noopener\"><strong>Neue Post<br>Im Heft 5 berichtet die \u201eNeue Post\u201c 2016 \u00fcber die Atlasprofilax-Anwendung nach Ren\u00e9-C. Sch\u00fcmperli. Mit dem Titel&nbsp;\u201eAtlas-Therapie \u2013 sanfte Hilfe bei Kopfweh &amp; Co\u201c&nbsp;wird \u00fcber die erfolgreiche Anwendung bei Schwindel, Kopfschmerzen, Tinnitus, R\u00fcckenleiden, Verdauungsst\u00f6rungen, Kiefergelenksproblemen und chronische Entz\u00fcndungen geschrieben.<\/strong><\/a><\/p>\n\n\n\n<p><a href=\"https:\/\/www.atlaspraxis.de\/Dateien\/Meins_Atlaspraxis.pdf\" target=\"_blank\" rel=\"noreferrer noopener\"><strong>Ihre Atlaspraxis in der MEINS<br>Mit dem Titel&nbsp;\u201eAtlas-Therapie: So werden wir Schmerzen los\u201c&nbsp;ist in der MEINS 2015 ein Artikel \u00fcber Ihre Atlaspraxis erschienen. Die MEINS-Redaktionsleiterin Stephanie Gottmann lie\u00df sich behandeln und schildert Ihre Erfahrung mit der Atlasprofilax-Anwendung.<\/strong><\/a><\/p>\n\n\n\n<p><a href=\"https:\/\/www.atlaspraxis.de\/Dateien\/Brigitte_2010_010.pdf\" target=\"_blank\" rel=\"noreferrer noopener\"><strong>Atlasprofilax in der Brigitte<br>Mit dem Titel&nbsp;\u201eDas ruckelt sich zurecht\u2026\u201c&nbsp;ist in der Brigitte Ausgabe 10 \/ 2010 ein Artikel \u00fcber die Atlasprofilax-Anwendung erschienen. Ein Vergleich mit der manuellen Therapie kl\u00e4rt auf.<\/strong><\/a><\/p>\n\n\n\n<p><a href=\"https:\/\/www.atlaspraxis.de\/Dateien\/Taz2012.pdf\" target=\"_blank\" rel=\"noreferrer noopener\"><strong>Atlasprofilax in der Taz<br>Die Taz berichtet 2012 \u00fcber die Atlasprofilax-Anwendung, ein Selbstversuch der Autorin. Der Titel lautet: \u201eEin Stups und fast alles wird gut\u201c.<\/strong><\/a><\/p>\n\n\n\n<p><a href=\"https:\/\/www.atlaspraxis.de\/Dateien\/COmed_09-2015_S44-46.pdf\" target=\"_blank\" rel=\"noreferrer noopener\"><strong>Atlasprofilax in der CO.med<br>Der Artikel \u201eGesundheit ist eine Frage der Haltung\u201c wurde aktuell in der CO.med ver\u00f6ffentlicht.<\/strong><\/a><\/p>\n\n\n\n<p><a href=\"https:\/\/www.atlaspraxis.de\/Dateien\/TV%20H\u00f6ren%20und%20Sehen.jpg\" target=\"_blank\" rel=\"noreferrer noopener\"><strong>Atlasprofilax in der TV H\u00f6ren und Sehen und in der TV14<br>Auch die TV H\u00f6ren und Sehen und die TV 14 berichten 2010 \u00fcber die Atlasprofilax-Anwendung.<\/strong><\/a><\/p>\n\n\n\n<p><a href=\"https:\/\/www.atlaspraxis.de\/Dateien\/TV2012.jpg\" target=\"_blank\" rel=\"noreferrer noopener\"><strong>Atlasprofilax 2012 erneut in der TV H\u00f6ren und Sehen<br>2012 berichtet die TV H\u00f6ren und Sehen erneut \u00fcber die Atlasprofilax-Anwendung.<\/strong><\/a><\/p>\n\n\n\n<p><a href=\"https:\/\/www.atlaspraxis.de\/atlasprofilax\/video-atlaspraxis\/\"><strong>Film auf Praxisvita.de<br>2014 hat das Medizinportal Praxisvita.de hat einen kleinen Film \u00fcber die Atlaspraxis gedreht. Er zeigt die Atlasprofilax Anwendung.<\/strong><\/a><\/p>\n\n\n\n<p><a href=\"https:\/\/www.atlaspraxis.de\/atlasprofilax\/video-atlaspraxis-betreuung-nach-der-atlaskorrektur\/\"><strong>Film auf Praxisvita.de<br>2014 hat das Medizinportal Praxisvita.de hat einen zweiten Film \u00fcber die Atlaspraxis gedreht. Diesmal geht es um die Nachsorge nach der Atlasprofilax Anwendung.<\/strong><\/a><\/p>\n\n\n\n<p class=\"has-small-font-size\">All text and image rights are owned by the publisher. All documents (PDFs) are copyright protected and may only be downloaded for private use. Distribution of the documents on other servers or social networks is not permitted. However, sharing via the publisher&#8217;s social media channels is allowed.<\/p>\n","protected":false},"excerpt":{"rendered":"<p>Press article miomedi.deInterview zum Thema Atlastherapie. (2025) TINA\u201eR\u00fccken ohne Schmerzen\u201c ist das aktuelle Thema in der Tina Heft 40. (2024) FUNK UHRDie FUNK UHR berichtet \u00fcber die Atlas-Therapie und wie diese bei Schwindel helfen kann.&nbsp;FUNK UHR, Ausgabe 23\/2024 Kl\u00f6nschnackDer Kl\u00f6nschnack berichtet \u00fcber die Atlaspraxis in Blankenese. (Seite 122) aempfDas aempf-Magazin greift das Thema&nbsp;Schwindel&nbsp;(in der Schwangerschaft)<a class=\"more-link\" href=\"https:\/\/www.atlaspraxis.de\/en\/presse\/\">Read more  &#10230;<\/a><\/p>\n","protected":false},"author":2,"featured_media":0,"parent":0,"menu_order":6,"comment_status":"closed","ping_status":"closed","template":"","meta":{"footnotes":""},"class_list":["post-243","page","type-page","status-publish","hentry"],"translation":{"provider":"WPGlobus","version":"3.0.2","language":"en","enabled_languages":["de","en"],"languages":{"de":{"title":true,"content":true,"excerpt":false},"en":{"title":true,"content":true,"excerpt":false}}},"_links":{"self":[{"href":"https:\/\/www.atlaspraxis.de\/en\/wp-json\/wp\/v2\/pages\/243","targetHints":{"allow":["GET"]}}],"collection":[{"href":"https:\/\/www.atlaspraxis.de\/en\/wp-json\/wp\/v2\/pages"}],"about":[{"href":"https:\/\/www.atlaspraxis.de\/en\/wp-json\/wp\/v2\/types\/page"}],"author":[{"embeddable":true,"href":"https:\/\/www.atlaspraxis.de\/en\/wp-json\/wp\/v2\/users\/2"}],"replies":[{"embeddable":true,"href":"https:\/\/www.atlaspraxis.de\/en\/wp-json\/wp\/v2\/comments?post=243"}],"version-history":[{"count":68,"href":"https:\/\/www.atlaspraxis.de\/en\/wp-json\/wp\/v2\/pages\/243\/revisions"}],"predecessor-version":[{"id":9918,"href":"https:\/\/www.atlaspraxis.de\/en\/wp-json\/wp\/v2\/pages\/243\/revisions\/9918"}],"wp:attachment":[{"href":"https:\/\/www.atlaspraxis.de\/en\/wp-json\/wp\/v2\/media?parent=243"}],"curies":[{"name":"wp","href":"https:\/\/api.w.org\/{rel}","templated":true}]}}

<div class="wp-block-image is-style-default">
<figure class="alignleft size-full is-resized"><img loading="lazy" decoding="async" width="800" height="800" src="https://www.atlaspraxis.de/wp-content/uploads/Presse-2.png" alt="Press" class="wp-image-9916" style="width:150px" srcset="https://www.atlaspraxis.de/wp-content/uploads/Presse-2.png 800w, https://www.atlaspraxis.de/wp-content/uploads/Presse-2-600x600.png 600w, https://www.atlaspraxis.de/wp-content/uploads/Presse-2-150x150.png 150w, https://www.atlaspraxis.de/wp-content/uploads/Presse-2-768x768.png 768w" sizes="auto, (max-width: 800px) 100vw, 800px" /></figure>
</div>


<p><strong>Press article</strong></p>



<div style="height:20px" aria-hidden="true" class="wp-block-spacer"></div>



<p><a href="https://www.miomedi.de/gesundheit/alternative-medizin/alternative-heilmethoden/atlastherapie/atlastherapie-wirbelkorrektur-nackenschmerzen-rueckenschmerzen-anja-flick/" target="_blank" rel="noreferrer noopener"><strong>miomedi.de<br>Interview zum Thema Atlastherapie. (2025)</strong></a></p>



<p><a href="https://www.atlaspraxis.de/wp-content/uploads/Tina2024.jpg" target="_blank" rel="noreferrer noopener"><strong>TINA<br>„Rücken ohne Schmerzen“ ist das aktuelle Thema in der Tina Heft 40. (2024)</strong></a></p>



<p><a href="https://www.atlaspraxis.de/wp-content/uploads/Atlas-Therapie.pdf" target="_blank" rel="noreferrer noopener"><strong>FUNK UHR<br>Die FUNK UHR berichtet über die Atlas-Therapie und wie diese bei Schwindel helfen kann.&nbsp;<br>FUNK UHR, Ausgabe 23/2024</strong></a></p>



<p><a href="https://kloenschnack.de/e-paper/ausgabe-02-2024/" target="_blank" rel="noreferrer noopener"><strong>Klönschnack<br>Der Klönschnack berichtet über die Atlaspraxis in Blankenese. (Seite 122)</strong></a></p>



<p><a href="https://aempf.de/schwindel-in-und-nach-der-schwangerschaft-was-hilft/" target="_blank" rel="noreferrer noopener"><strong>aempf<br>Das aempf-Magazin greift das Thema&nbsp;Schwindel&nbsp;(in der Schwangerschaft) auf und zitiert die Atlaspraxis. (2023)</strong></a></p>



<p><a href="https://www.atlaspraxis.de/Dateien/NeuePost2018.pdf" target="_blank" rel="noreferrer noopener"><strong>Neue Post<br>2018 berichtet die „Neue Post“ im Heft 9 über die Atlaskorrektur. Mit dem Titel&nbsp;„Atlas-Therapie: Blockaden lösen“&nbsp;wird über Atlas-Therapie aufgeklärt.</strong></a></p>



<p><a href="https://www.atlaspraxis.de/Dateien/NeuePost2016.pdf" target="_blank" rel="noreferrer noopener"><strong>Neue Post<br>Im Heft 5 berichtet die „Neue Post“ 2016 über die Atlasprofilax-Anwendung nach René-C. Schümperli. Mit dem Titel&nbsp;„Atlas-Therapie – sanfte Hilfe bei Kopfweh &amp; Co“&nbsp;wird über die erfolgreiche Anwendung bei Schwindel, Kopfschmerzen, Tinnitus, Rückenleiden, Verdauungsstörungen, Kiefergelenksproblemen und chronische Entzündungen geschrieben.</strong></a></p>



<p><a href="https://www.atlaspraxis.de/Dateien/Meins_Atlaspraxis.pdf" target="_blank" rel="noreferrer noopener"><strong>Ihre Atlaspraxis in der MEINS<br>Mit dem Titel&nbsp;„Atlas-Therapie: So werden wir Schmerzen los“&nbsp;ist in der MEINS 2015 ein Artikel über Ihre Atlaspraxis erschienen. Die MEINS-Redaktionsleiterin Stephanie Gottmann ließ sich behandeln und schildert Ihre Erfahrung mit der Atlasprofilax-Anwendung.</strong></a></p>



<p><a href="https://www.atlaspraxis.de/Dateien/Brigitte_2010_010.pdf" target="_blank" rel="noreferrer noopener"><strong>Atlasprofilax in der Brigitte<br>Mit dem Titel&nbsp;„Das ruckelt sich zurecht…“&nbsp;ist in der Brigitte Ausgabe 10 / 2010 ein Artikel über die Atlasprofilax-Anwendung erschienen. Ein Vergleich mit der manuellen Therapie klärt auf.</strong></a></p>



<p><a href="https://www.atlaspraxis.de/Dateien/Taz2012.pdf" target="_blank" rel="noreferrer noopener"><strong>Atlasprofilax in der Taz<br>Die Taz berichtet 2012 über die Atlasprofilax-Anwendung, ein Selbstversuch der Autorin. Der Titel lautet: „Ein Stups und fast alles wird gut“.</strong></a></p>



<p><a href="https://www.atlaspraxis.de/Dateien/COmed_09-2015_S44-46.pdf" target="_blank" rel="noreferrer noopener"><strong>Atlasprofilax in der CO.med<br>Der Artikel „Gesundheit ist eine Frage der Haltung“ wurde aktuell in der CO.med veröffentlicht.</strong></a></p>



<p><a href="https://www.atlaspraxis.de/Dateien/TV%20Hören%20und%20Sehen.jpg" target="_blank" rel="noreferrer noopener"><strong>Atlasprofilax in der TV Hören und Sehen und in der TV14<br>Auch die TV Hören und Sehen und die TV 14 berichten 2010 über die Atlasprofilax-Anwendung.</strong></a></p>



<p><a href="https://www.atlaspraxis.de/Dateien/TV2012.jpg" target="_blank" rel="noreferrer noopener"><strong>Atlasprofilax 2012 erneut in der TV Hören und Sehen<br>2012 berichtet die TV Hören und Sehen erneut über die Atlasprofilax-Anwendung.</strong></a></p>



<p><a href="https://www.atlaspraxis.de/atlasprofilax/video-atlaspraxis/"><strong>Film auf Praxisvita.de<br>2014 hat das Medizinportal Praxisvita.de hat einen kleinen Film über die Atlaspraxis gedreht. Er zeigt die Atlasprofilax Anwendung.</strong></a></p>



<p><a href="https://www.atlaspraxis.de/atlasprofilax/video-atlaspraxis-betreuung-nach-der-atlaskorrektur/"><strong>Film auf Praxisvita.de<br>2014 hat das Medizinportal Praxisvita.de hat einen zweiten Film über die Atlaspraxis gedreht. Diesmal geht es um die Nachsorge nach der Atlasprofilax Anwendung.</strong></a></p>



<p class="has-small-font-size">All text and image rights are owned by the publisher. All documents (PDFs) are copyright protected and may only be downloaded for private use. Distribution of the documents on other servers or social networks is not permitted. However, sharing via the publisher&#8217;s social media channels is allowed.</p>

<p>Press article miomedi.deInterview zum Thema Atlastherapie. (2025) TINA„Rücken ohne Schmerzen“ ist das aktuelle Thema in der Tina Heft 40. (2024) FUNK UHRDie FUNK UHR berichtet über die Atlas-Therapie und wie diese bei Schwindel helfen kann.&nbsp;FUNK UHR, Ausgabe 23/2024 KlönschnackDer Klönschnack berichtet über die Atlaspraxis in Blankenese. (Seite 122) aempfDas aempf-Magazin greift das Thema&nbsp;Schwindel&nbsp;(in der Schwangerschaft)<a class="more-link" href="https://www.atlaspraxis.de/en/presse/">Read more  &#10230;</a></p>
